{"id":6334,"date":"2016-11-22T18:05:39","date_gmt":"2016-11-22T17:05:39","guid":{"rendered":"https:\/\/www.resonnance.org\/shop\/?post_type=product&#038;p=6334"},"modified":"2016-11-22T18:05:39","modified_gmt":"2016-11-22T17:05:39","slug":"chopin-film-sur-sa-vie-realise-et-interprete-par-elizabeth-sombart-avec-robert-hossein","status":"publish","type":"product","link":"https:\/\/www.resonnance.org\/shop\/produit\/chopin-film-sur-sa-vie-realise-et-interprete-par-elizabeth-sombart-avec-robert-hossein\/","title":{"rendered":"Chopin, film sur sa vie r\u00e9alis\u00e9 et interpr\u00e9t\u00e9 par Elizabeth Sombart, avec Robert Hossein"},"content":{"rendered":"<h5 class=\"\">Chopin, film sur sa vie r\u00e9alis\u00e9 et interpr\u00e9t\u00e9 par Elizabeth Sombart, avec Robert Hossein<\/h5>\n<p class=\"\">(En bonus : extraits des r\u00e9citals donn\u00e9s \u00e0 l&rsquo;occasion du 10\u00e8me Anniversaire de la Fondation R\u00e9sonnance)<\/p>\n","protected":false},"excerpt":{"rendered":"<p>Chopin, film sur sa vie r\u00e9alis\u00e9 et interpr\u00e9t\u00e9 par Elizabeth Sombart, avec Robert Hossein (En bonus : extraits des r\u00e9citals donn\u00e9s \u00e0 l&rsquo;occasion du 10\u00e8me Anniversaire de la Fondation R\u00e9sonnance)<\/p>\n","protected":false},"featured_media":6269,"comment_status":"open","ping_status":"closed","template":"","meta":{"_acf_changed":false},"product_brand":[],"product_cat":[49],"product_tag":[],"class_list":{"0":"post-6334","1":"product","2":"type-product","3":"status-publish","4":"has-post-thumbnail","6":"product_cat-dvd","9":"first","10":"instock","11":"shipping-taxable","12":"purchasable","13":"product-type-simple"},"acf":[],"yoast_head":"<!-- This site is optimized with the Yoast SEO plugin v23.9 - https:\/\/yoast.com\/wordpress\/plugins\/seo\/ -->\n<title>Chopin, film sur sa vie r\u00e9alis\u00e9 et interpr\u00e9t\u00e9 par Elizabeth Sombart, avec Robert Hossein - La Boutique<\/title>\n<meta name=\"robots\" content=\"index, follow, max-snippet:-1, max-image-preview:large, max-video-preview:-1\" \/>\n<link rel=\"canonical\" href=\"https:\/\/www.resonnance.org\/shop\/produit\/chopin-film-sur-sa-vie-realise-et-interprete-par-elizabeth-sombart-avec-robert-hossein\/\" \/>\n<meta property=\"og:locale\" content=\"fr_FR\" \/>\n<meta property=\"og:type\" content=\"article\" \/>\n<meta property=\"og:title\" content=\"Chopin, film sur sa vie r\u00e9alis\u00e9 et interpr\u00e9t\u00e9 par Elizabeth Sombart, avec Robert Hossein - La Boutique\" \/>\n<meta property=\"og:description\" content=\"Chopin, film sur sa vie r\u00e9alis\u00e9 et interpr\u00e9t\u00e9 par Elizabeth Sombart, avec Robert Hossein (En bonus : extraits des r\u00e9citals donn\u00e9s \u00e0 l&rsquo;occasion du 10\u00e8me Anniversaire de la Fondation R\u00e9sonnance)\" \/>\n<meta property=\"og:url\" content=\"https:\/\/www.resonnance.org\/shop\/produit\/chopin-film-sur-sa-vie-realise-et-interprete-par-elizabeth-sombart-avec-robert-hossein\/\" \/>\n<meta property=\"og:site_name\" content=\"La Boutique\" \/>\n<meta property=\"og:image\" content=\"https:\/\/www.resonnance.org\/shop\/wp-content\/uploads\/sites\/19\/2016\/11\/front-lg-25.jpg\" \/>\n\t<meta property=\"og:image:width\" content=\"230\" \/>\n\t<meta property=\"og:image:height\" content=\"330\" \/>\n\t<meta property=\"og:image:type\" content=\"image\/jpeg\" \/>\n<meta name=\"twitter:card\" content=\"summary_large_image\" \/>\n<script type=\"application\/ld+json\" class=\"yoast-schema-graph\">{\"@context\":\"https:\/\/schema.org\",\"@graph\":[{\"@type\":\"WebPage\",\"@id\":\"https:\/\/www.resonnance.org\/shop\/produit\/chopin-film-sur-sa-vie-realise-et-interprete-par-elizabeth-sombart-avec-robert-hossein\/\",\"url\":\"https:\/\/www.resonnance.org\/shop\/produit\/chopin-film-sur-sa-vie-realise-et-interprete-par-elizabeth-sombart-avec-robert-hossein\/\",\"name\":\"Chopin, film sur sa vie r\u00e9alis\u00e9 et interpr\u00e9t\u00e9 par Elizabeth Sombart, avec Robert Hossein - La Boutique\",\"isPartOf\":{\"@id\":\"https:\/\/www.resonnance.org\/shop\/#website\"},\"primaryImageOfPage\":{\"@id\":\"https:\/\/www.resonnance.org\/shop\/produit\/chopin-film-sur-sa-vie-realise-et-interprete-par-elizabeth-sombart-avec-robert-hossein\/#primaryimage\"},\"image\":{\"@id\":\"https:\/\/www.resonnance.org\/shop\/produit\/chopin-film-sur-sa-vie-realise-et-interprete-par-elizabeth-sombart-avec-robert-hossein\/#primaryimage\"},\"thumbnailUrl\":\"https:\/\/www.resonnance.org\/shop\/wp-content\/uploads\/sites\/19\/2016\/11\/front-lg-25.jpg\",\"datePublished\":\"2016-11-22T17:05:39+00:00\",\"dateModified\":\"2016-11-22T17:05:39+00:00\",\"breadcrumb\":{\"@id\":\"https:\/\/www.resonnance.org\/shop\/produit\/chopin-film-sur-sa-vie-realise-et-interprete-par-elizabeth-sombart-avec-robert-hossein\/#breadcrumb\"},\"inLanguage\":\"fr-FR\",\"potentialAction\":[{\"@type\":\"ReadAction\",\"target\":[\"https:\/\/www.resonnance.org\/shop\/produit\/chopin-film-sur-sa-vie-realise-et-interprete-par-elizabeth-sombart-avec-robert-hossein\/\"]}]},{\"@type\":\"ImageObject\",\"inLanguage\":\"fr-FR\",\"@id\":\"https:\/\/www.resonnance.org\/shop\/produit\/chopin-film-sur-sa-vie-realise-et-interprete-par-elizabeth-sombart-avec-robert-hossein\/#primaryimage\",\"url\":\"https:\/\/www.resonnance.org\/shop\/wp-content\/uploads\/sites\/19\/2016\/11\/front-lg-25.jpg\",\"contentUrl\":\"https:\/\/www.resonnance.org\/shop\/wp-content\/uploads\/sites\/19\/2016\/11\/front-lg-25.jpg\",\"width\":230,\"height\":330,\"caption\":\"Chopin, film sur sa vie r\u00e9alis\u00e9 et interpr\u00e9t\u00e9 par Elizabeth Sombart, avec Robert Hossein\"},{\"@type\":\"BreadcrumbList\",\"@id\":\"https:\/\/www.resonnance.org\/shop\/produit\/chopin-film-sur-sa-vie-realise-et-interprete-par-elizabeth-sombart-avec-robert-hossein\/#breadcrumb\",\"itemListElement\":[{\"@type\":\"ListItem\",\"position\":1,\"name\":\"Accueil\",\"item\":\"https:\/\/www.resonnance.org\/shop\/\"},{\"@type\":\"ListItem\",\"position\":2,\"name\":\"Boutique\",\"item\":\"https:\/\/www.resonnance.org\/shop\/\"},{\"@type\":\"ListItem\",\"position\":3,\"name\":\"Chopin, film sur sa vie r\u00e9alis\u00e9 et interpr\u00e9t\u00e9 par Elizabeth Sombart, avec Robert Hossein\"}]},{\"@type\":\"WebSite\",\"@id\":\"https:\/\/www.resonnance.org\/shop\/#website\",\"url\":\"https:\/\/www.resonnance.org\/shop\/\",\"name\":\"La Boutique\",\"description\":\"La boutique R\u00e9sonnance\",\"potentialAction\":[{\"@type\":\"SearchAction\",\"target\":{\"@type\":\"EntryPoint\",\"urlTemplate\":\"https:\/\/www.resonnance.org\/shop\/?s={search_term_string}\"},\"query-input\":{\"@type\":\"PropertyValueSpecification\",\"valueRequired\":true,\"valueName\":\"search_term_string\"}}],\"inLanguage\":\"fr-FR\"}]}<\/script>\n<!-- \/ Yoast SEO plugin. -->","yoast_head_json":{"title":"Chopin, film sur sa vie r\u00e9alis\u00e9 et interpr\u00e9t\u00e9 par Elizabeth Sombart, avec Robert Hossein - La Boutique","robots":{"index":"index","follow":"follow","max-snippet":"max-snippet:-1","max-image-preview":"max-image-preview:large","max-video-preview":"max-video-preview:-1"},"canonical":"https:\/\/www.resonnance.org\/shop\/produit\/chopin-film-sur-sa-vie-realise-et-interprete-par-elizabeth-sombart-avec-robert-hossein\/","og_locale":"fr_FR","og_type":"article","og_title":"Chopin, film sur sa vie r\u00e9alis\u00e9 et interpr\u00e9t\u00e9 par Elizabeth Sombart, avec Robert Hossein - La Boutique","og_description":"Chopin, film sur sa vie r\u00e9alis\u00e9 et interpr\u00e9t\u00e9 par Elizabeth Sombart, avec Robert Hossein (En bonus : extraits des r\u00e9citals donn\u00e9s \u00e0 l&rsquo;occasion du 10\u00e8me Anniversaire de la Fondation R\u00e9sonnance)","og_url":"https:\/\/www.resonnance.org\/shop\/produit\/chopin-film-sur-sa-vie-realise-et-interprete-par-elizabeth-sombart-avec-robert-hossein\/","og_site_name":"La Boutique","og_image":[{"width":230,"height":330,"url":"https:\/\/www.resonnance.org\/shop\/wp-content\/uploads\/sites\/19\/2016\/11\/front-lg-25.jpg","type":"image\/jpeg"}],"twitter_card":"summary_large_image","schema":{"@context":"https:\/\/schema.org","@graph":[{"@type":"WebPage","@id":"https:\/\/www.resonnance.org\/shop\/produit\/chopin-film-sur-sa-vie-realise-et-interprete-par-elizabeth-sombart-avec-robert-hossein\/","url":"https:\/\/www.resonnance.org\/shop\/produit\/chopin-film-sur-sa-vie-realise-et-interprete-par-elizabeth-sombart-avec-robert-hossein\/","name":"Chopin, film sur sa vie r\u00e9alis\u00e9 et interpr\u00e9t\u00e9 par Elizabeth Sombart, avec Robert Hossein - La Boutique","isPartOf":{"@id":"https:\/\/www.resonnance.org\/shop\/#website"},"primaryImageOfPage":{"@id":"https:\/\/www.resonnance.org\/shop\/produit\/chopin-film-sur-sa-vie-realise-et-interprete-par-elizabeth-sombart-avec-robert-hossein\/#primaryimage"},"image":{"@id":"https:\/\/www.resonnance.org\/shop\/produit\/chopin-film-sur-sa-vie-realise-et-interprete-par-elizabeth-sombart-avec-robert-hossein\/#primaryimage"},"thumbnailUrl":"https:\/\/www.resonnance.org\/shop\/wp-content\/uploads\/sites\/19\/2016\/11\/front-lg-25.jpg","datePublished":"2016-11-22T17:05:39+00:00","dateModified":"2016-11-22T17:05:39+00:00","breadcrumb":{"@id":"https:\/\/www.resonnance.org\/shop\/produit\/chopin-film-sur-sa-vie-realise-et-interprete-par-elizabeth-sombart-avec-robert-hossein\/#breadcrumb"},"inLanguage":"fr-FR","potentialAction":[{"@type":"ReadAction","target":["https:\/\/www.resonnance.org\/shop\/produit\/chopin-film-sur-sa-vie-realise-et-interprete-par-elizabeth-sombart-avec-robert-hossein\/"]}]},{"@type":"ImageObject","inLanguage":"fr-FR","@id":"https:\/\/www.resonnance.org\/shop\/produit\/chopin-film-sur-sa-vie-realise-et-interprete-par-elizabeth-sombart-avec-robert-hossein\/#primaryimage","url":"https:\/\/www.resonnance.org\/shop\/wp-content\/uploads\/sites\/19\/2016\/11\/front-lg-25.jpg","contentUrl":"https:\/\/www.resonnance.org\/shop\/wp-content\/uploads\/sites\/19\/2016\/11\/front-lg-25.jpg","width":230,"height":330,"caption":"Chopin, film sur sa vie r\u00e9alis\u00e9 et interpr\u00e9t\u00e9 par Elizabeth Sombart, avec Robert Hossein"},{"@type":"BreadcrumbList","@id":"https:\/\/www.resonnance.org\/shop\/produit\/chopin-film-sur-sa-vie-realise-et-interprete-par-elizabeth-sombart-avec-robert-hossein\/#breadcrumb","itemListElement":[{"@type":"ListItem","position":1,"name":"Accueil","item":"https:\/\/www.resonnance.org\/shop\/"},{"@type":"ListItem","position":2,"name":"Boutique","item":"https:\/\/www.resonnance.org\/shop\/"},{"@type":"ListItem","position":3,"name":"Chopin, film sur sa vie r\u00e9alis\u00e9 et interpr\u00e9t\u00e9 par Elizabeth Sombart, avec Robert Hossein"}]},{"@type":"WebSite","@id":"https:\/\/www.resonnance.org\/shop\/#website","url":"https:\/\/www.resonnance.org\/shop\/","name":"La Boutique","description":"La boutique R\u00e9sonnance","potentialAction":[{"@type":"SearchAction","target":{"@type":"EntryPoint","urlTemplate":"https:\/\/www.resonnance.org\/shop\/?s={search_term_string}"},"query-input":{"@type":"PropertyValueSpecification","valueRequired":true,"valueName":"search_term_string"}}],"inLanguage":"fr-FR"}]}},"_links":{"self":[{"href":"https:\/\/www.resonnance.org\/shop\/wp-json\/wp\/v2\/product\/6334","targetHints":{"allow":["GET"]}}],"collection":[{"href":"https:\/\/www.resonnance.org\/shop\/wp-json\/wp\/v2\/product"}],"about":[{"href":"https:\/\/www.resonnance.org\/shop\/wp-json\/wp\/v2\/types\/product"}],"replies":[{"embeddable":true,"href":"https:\/\/www.resonnance.org\/shop\/wp-json\/wp\/v2\/comments?post=6334"}],"wp:featuredmedia":[{"embeddable":true,"href":"https:\/\/www.resonnance.org\/shop\/wp-json\/wp\/v2\/media\/6269"}],"wp:attachment":[{"href":"https:\/\/www.resonnance.org\/shop\/wp-json\/wp\/v2\/media?parent=6334"}],"wp:term":[{"taxonomy":"product_brand","embeddable":true,"href":"https:\/\/www.resonnance.org\/shop\/wp-json\/wp\/v2\/product_brand?post=6334"},{"taxonomy":"product_cat","embeddable":true,"href":"https:\/\/www.resonnance.org\/shop\/wp-json\/wp\/v2\/product_cat?post=6334"},{"taxonomy":"product_tag","embeddable":true,"href":"https:\/\/www.resonnance.org\/shop\/wp-json\/wp\/v2\/product_tag?post=6334"}],"curies":[{"name":"wp","href":"https:\/\/api.w.org\/{rel}","templated":true}]}}