{"id":6349,"date":"2016-11-22T18:25:14","date_gmt":"2016-11-22T17:25:14","guid":{"rendered":"https:\/\/www.resonnance.org\/shop\/?post_type=product&#038;p=6349"},"modified":"2016-11-25T21:49:31","modified_gmt":"2016-11-25T20:49:31","slug":"les-beatitudes","status":"publish","type":"product","link":"http:\/\/www.resonnance.org\/shop\/produit\/les-beatitudes\/","title":{"rendered":"Les B\u00e9atitudes"},"content":{"rendered":"<h5 class=\"uppercase white\">Les B\u00e9atitudes<\/h5>\n<p class=\"nomarginbottom\">Elizabeth Sombart, pianiste<br \/>\n&amp; Nicolas Buttet, pr\u00eatre<\/p>\n<div class=\"tracks\">\n<hr class=\"total-divider\" \/>\n<p><audio id=\"localAudio\"><\/audio> <!-- localAudio --><\/p>\n<div class=\"mp3Player\" data-src=\"https:\/\/s3-us-west-2.amazonaws.com\/resshop\/audio\/beatitudes\/excerpts\/track-01.mp3\" data-pos=\"0\">\n<p><button class=\"btnPlayPause\"><span class=\"screen-reader-text\">Play<\/span><\/button> <span class=\"pull-right\">1:00<\/span><\/p>\n<ol class=\"trackinfo\" start=\"1\">\n<li>Le Sermon sur la montagne<br \/>\nNicolas Buttet<\/li>\n<\/ol>\n<\/div>\n<div class=\"mp3Player\" data-src=\"https:\/\/s3-us-west-2.amazonaws.com\/resshop\/audio\/beatitudes\/excerpts\/track-02.mp3\" data-pos=\"0\">\n<p><button class=\"btnPlayPause\"><span class=\"screen-reader-text\">Play<\/span><\/button> <span class=\"pull-right\">2:25<\/span><\/p>\n<ol class=\"trackinfo\" start=\"2\">\n<li>Le clavecin bien temp\u00e9r\u00e9\u00a0: 1er\u00a0Pr\u00e9lude, en do majeur, BWV\u00a0846<br \/>\nJohann Sebastian Bach (1685-1750)<\/li>\n<\/ol>\n<\/div>\n<div class=\"mp3Player\" data-src=\"https:\/\/s3-us-west-2.amazonaws.com\/resshop\/audio\/beatitudes\/excerpts\/track-03.mp3\" data-pos=\"0\">\n<p><button class=\"btnPlayPause\"><span class=\"screen-reader-text\">Play<\/span><\/button> <span class=\"pull-right\">3:10<\/span><\/p>\n<ol class=\"trackinfo\" start=\"3\">\n<li>Bienheureux les pauvres en esprit\u00a0: <br \/>\nle royaume des cieux est \u00e0 eux<br \/>\nNicolas Buttet<\/li>\n<\/ol>\n<\/div>\n<div class=\"mp3Player\" data-src=\"https:\/\/s3-us-west-2.amazonaws.com\/resshop\/audio\/beatitudes\/excerpts\/track-04.mp3\" data-pos=\"0\">\n<p><button class=\"btnPlayPause\"><span class=\"screen-reader-text\">Play<\/span><\/button> <span class=\"pull-right\">3:09<\/span><\/p>\n<ol class=\"trackinfo\" start=\"4\">\n<li>Gnossienne N\u00b0\u00a03<br \/>\nErik Satie (1866-1925)<\/li>\n<\/ol>\n<\/div>\n<div class=\"mp3Player\" data-src=\"https:\/\/s3-us-west-2.amazonaws.com\/resshop\/audio\/beatitudes\/excerpts\/track-05.mp3\" data-pos=\"0\">\n<p><button class=\"btnPlayPause\"><span class=\"screen-reader-text\">Play<\/span><\/button> <span class=\"pull-right\">2:54<\/span><\/p>\n<ol class=\"trackinfo\" start=\"5\">\n<li>Bienheureux les doux\u00a0:<br \/>\nils poss\u00e8deront la terre<br \/>\nNicolas Buttet<\/li>\n<\/ol>\n<\/div>\n<div class=\"mp3Player\" data-src=\"https:\/\/s3-us-west-2.amazonaws.com\/resshop\/audio\/beatitudes\/excerpts\/track-06.mp3\" data-pos=\"0\">\n<p><button class=\"btnPlayPause\"><span class=\"screen-reader-text\">Play<\/span><\/button> <span class=\"pull-right\">2:03<\/span><\/p>\n<ol class=\"trackinfo\" start=\"6\">\n<li>Pr\u00e9lude en si mineur (Transcription par A. Siloti)<br \/>\nJohann Sebastian Bach (1685-1750)<br \/>\nAlexander Siloti (1863-1945)<\/li>\n<\/ol>\n<\/div>\n<div class=\"mp3Player\" data-src=\"https:\/\/s3-us-west-2.amazonaws.com\/resshop\/audio\/beatitudes\/excerpts\/track-07.mp3\" data-pos=\"0\">\n<p><button class=\"btnPlayPause\"><span class=\"screen-reader-text\">Play<\/span><\/button> <span class=\"pull-right\">3:26<\/span><\/p>\n<ol class=\"trackinfo\" start=\"7\">\n<li>Bienheureux ceux qui pleurent\u00a0:<br \/>\nils seront consol\u00e9s<br \/>\nNicolas Buttet<\/li>\n<\/ol>\n<\/div>\n<div class=\"mp3Player\" data-src=\"https:\/\/s3-us-west-2.amazonaws.com\/resshop\/audio\/beatitudes\/excerpts\/track-08.mp3\" data-pos=\"0\">\n<p><button class=\"btnPlayPause\"><span class=\"screen-reader-text\">Play<\/span><\/button> <span class=\"pull-right\">6:14<\/span><\/p>\n<ol class=\"trackinfo\" start=\"8\">\n<li>Les lamentations de la Jeune fille et du Rossignol<br \/>\nEnrique Granados (1867-1916)<\/li>\n<\/ol>\n<\/div>\n<div class=\"mp3Player\" data-src=\"https:\/\/s3-us-west-2.amazonaws.com\/resshop\/audio\/beatitudes\/excerpts\/track-09.mp3\" data-pos=\"0\">\n<p><button class=\"btnPlayPause\"><span class=\"screen-reader-text\">Play<\/span><\/button> <span class=\"pull-right\">2:53<\/span><\/p>\n<ol class=\"trackinfo\" start=\"9\">\n<li>Bienheureux ceux qui ont faim et soif de justice\u00a0: ils seront rassasi\u00e9s<br \/>\nNicolas Buttet<\/li>\n<\/ol>\n<\/div>\n<div class=\"mp3Player\" data-src=\"https:\/\/s3-us-west-2.amazonaws.com\/resshop\/audio\/beatitudes\/excerpts\/track-10.mp3\" data-pos=\"0\">\n<p><button class=\"btnPlayPause\"><span class=\"screen-reader-text\">Play<\/span><\/button> <span class=\"pull-right\">5:15<\/span><\/p>\n<ol class=\"trackinfo\" start=\"10\">\n<li>Sonate N\u00b0\u00a017 en r\u00e9 mineur, dite \u00ab\u00a0La Temp\u00eate\u00a0\u00bb, Op.\u00a017\u00a0: 3\u00e8me mouvement &#8211; Allegretto<br \/>\nLudwig van Beethoven (1770-1827)<\/li>\n<\/ol>\n<\/div>\n<div class=\"mp3Player\" data-src=\"https:\/\/s3-us-west-2.amazonaws.com\/resshop\/audio\/beatitudes\/excerpts\/track-11.mp3\" data-pos=\"0\">\n<p><button class=\"btnPlayPause\"><span class=\"screen-reader-text\">Play<\/span><\/button> <span class=\"pull-right\">3:46<\/span><\/p>\n<ol class=\"trackinfo\" start=\"11\">\n<li>Bienheureux les mis\u00e9ricordieux\u00a0:<br \/>\nils obtiendront mis\u00e9ricorde<br \/>\nNicolas Buttet<\/li>\n<\/ol>\n<\/div>\n<div class=\"mp3Player\" data-src=\"https:\/\/s3-us-west-2.amazonaws.com\/resshop\/audio\/beatitudes\/excerpts\/track-12.mp3\" data-pos=\"0\">\n<p><button class=\"btnPlayPause\"><span class=\"screen-reader-text\">Play<\/span><\/button> <span class=\"pull-right\">2:29<\/span><\/p>\n<ol class=\"trackinfo\" start=\"12\">\n<li>Etude posthume N\u00b0\u00a02 en la b\u00e9mol majeur &#8211; Allegretto<br \/>\nFr\u00e9d\u00e9ric Chopin (1810-1849)<\/li>\n<\/ol>\n<\/div>\n<div class=\"mp3Player\" data-src=\"https:\/\/s3-us-west-2.amazonaws.com\/resshop\/audio\/beatitudes\/excerpts\/track-13.mp3\" data-pos=\"0\">\n<p><button class=\"btnPlayPause\"><span class=\"screen-reader-text\">Play<\/span><\/button> <span class=\"pull-right\">2:42<\/span><\/p>\n<ol class=\"trackinfo\" start=\"13\">\n<li>Bienheureux les c\u0153urs purs\u00a0:<br \/>\nils verront Dieu<br \/>\nNicolas Buttet<\/li>\n<\/ol>\n<\/div>\n<div class=\"mp3Player\" data-src=\"https:\/\/s3-us-west-2.amazonaws.com\/resshop\/audio\/beatitudes\/excerpts\/track-14.mp3\" data-pos=\"0\">\n<p><button class=\"btnPlayPause\"><span class=\"screen-reader-text\">Play<\/span><\/button> <span class=\"pull-right\">2:35<\/span><\/p>\n<ol class=\"trackinfo\" start=\"14\">\n<li>Sc\u00e8nes de la for\u00eat, Op.\u00a082 N\u00b0\u00a07\u00a0: L\u2019Oiseau proph\u00e8te<br \/>\nRobert Schumann (1810-1856)<\/li>\n<\/ol>\n<\/div>\n<div class=\"mp3Player\" data-src=\"https:\/\/s3-us-west-2.amazonaws.com\/resshop\/audio\/beatitudes\/excerpts\/track-15.mp3\" data-pos=\"0\">\n<p><button class=\"btnPlayPause\"><span class=\"screen-reader-text\">Play<\/span><\/button> <span class=\"pull-right\">3:01<\/span><\/p>\n<ol class=\"trackinfo\" start=\"15\">\n<li>Bienheureux les artisans de la paix\u00a0: ils seront appel\u00e9s fils de Dieu<br \/>\nNicolas Buttet<\/li>\n<\/ol>\n<\/div>\n<div class=\"mp3Player\" data-src=\"https:\/\/s3-us-west-2.amazonaws.com\/resshop\/audio\/beatitudes\/excerpts\/track-16.mp3\" data-pos=\"0\">\n<p><button class=\"btnPlayPause\"><span class=\"screen-reader-text\">Play<\/span><\/button> <span class=\"pull-right\">3:36<\/span><\/p>\n<ol class=\"trackinfo\" start=\"16\">\n<li>Arioso (arrangement A. Cortot)<br \/>\nJohann Sebastian Bach (1685-1750)<br \/>\nAlfred Cortot (1887-1962)<\/li>\n<\/ol>\n<\/div>\n<div class=\"mp3Player\" data-src=\"https:\/\/s3-us-west-2.amazonaws.com\/resshop\/audio\/beatitudes\/excerpts\/track-17.mp3\" data-pos=\"0\">\n<p><button class=\"btnPlayPause\"><span class=\"screen-reader-text\">Play<\/span><\/button> <span class=\"pull-right\">2:49<\/span><\/p>\n<ol class=\"trackinfo\" start=\"17\">\n<li>Bienheureux ceux qui souffre la pers\u00e9cution pour la justice\u00a0:<br \/>\nle royaume des cieux est \u00e0 eux<br \/>\nNicolas Buttet<\/li>\n<\/ol>\n<\/div>\n<div class=\"mp3Player\" data-src=\"https:\/\/s3-us-west-2.amazonaws.com\/resshop\/audio\/beatitudes\/excerpts\/track-18.mp3\" data-pos=\"0\">\n<p><button class=\"btnPlayPause\"><span class=\"screen-reader-text\">Play<\/span><\/button> <span class=\"pull-right\">1:05<\/span><\/p>\n<ol class=\"trackinfo\" start=\"18\">\n<li>Danse roumaine N\u00b0\u00a03, Sz. 56, BB 68<br \/>\nB\u00e9la Bart\u00f3k (1881-1945)<\/li>\n<\/ol>\n<\/div>\n<div class=\"mp3Player\" data-src=\"https:\/\/s3-us-west-2.amazonaws.com\/resshop\/audio\/beatitudes\/excerpts\/track-19.mp3\" data-pos=\"0\">\n<p><button class=\"btnPlayPause\"><span class=\"screen-reader-text\">Play<\/span><\/button> <span class=\"pull-right\">3:08<\/span><\/p>\n<ol class=\"trackinfo\" start=\"19\">\n<li>Bienheureux serez-vous lorqu\u2019on vous insultera, qu\u2019on vous pers\u00e9cutera et qu\u2019on dira faussement contre vous toute sorte de mal, \u00e0 cause de moi<br \/>\nNicolas Buttet<\/li>\n<\/ol>\n<\/div>\n<div class=\"mp3Player\" data-src=\"https:\/\/s3-us-west-2.amazonaws.com\/resshop\/audio\/beatitudes\/excerpts\/track-20.mp3\" data-pos=\"0\">\n<p><button class=\"btnPlayPause\"><span class=\"screen-reader-text\">Play<\/span><\/button> <span class=\"pull-right\">3:59<\/span><\/p>\n<ol class=\"trackinfo\" start=\"20\">\n<li>Pr\u00e9lude en do di\u00e8se mineur, Op.\u00a03 N\u00b0\u00a02 &#8211; Lento &#8211; Agitato<br \/>\nSergei Rachmaninoff (1873-1943)<\/li>\n<\/ol>\n<\/div>\n<div class=\"mp3Player\" data-src=\"https:\/\/s3-us-west-2.amazonaws.com\/resshop\/audio\/beatitudes\/excerpts\/track-21.mp3\" data-pos=\"0\">\n<p><button class=\"btnPlayPause\"><span class=\"screen-reader-text\">Play<\/span><\/button> <span class=\"pull-right\">0:54<\/span><\/p>\n<ol class=\"trackinfo\" start=\"21\">\n<li>R\u00e9jouissez-vous et soyez dans l\u2019all\u00e9gresse, car votre r\u00e9compense est grande dans les cieux<br \/>\nNicolas Buttet<\/li>\n<\/ol>\n<\/div>\n<div class=\"mp3Player\" data-src=\"https:\/\/s3-us-west-2.amazonaws.com\/resshop\/audio\/beatitudes\/excerpts\/track-22.mp3\" data-pos=\"0\">\n<p><button class=\"btnPlayPause\"><span class=\"screen-reader-text\">Play<\/span><\/button> <span class=\"pull-right\">2:54<\/span><\/p>\n<ol class=\"trackinfo\" start=\"22\">\n<li>Partita N\u00b0\u00a01, BWV\u00a0825\u00a0: Gigue<br \/>\nJohann Sebastian Bach (1685-1750)<\/li>\n<\/ol>\n<\/div>\n<hr class=\"total-divider\" \/>\n<div class=\"mp3Player\"><span class=\"pull-right\">1:05:27<\/span> <span class=\"infoLabel\">Dur\u00e9e totale<\/span><\/div>\n<\/div>\n<p><!-- tracks --><\/p>\n","protected":false},"excerpt":{"rendered":"<p>Les B\u00e9atitudes Elizabeth Sombart, pianiste &amp; Nicolas Buttet, pr\u00eatre Play 1:00 Le Sermon sur la montagne Nicolas Buttet Play 2:25 Le clavecin bien temp\u00e9r\u00e9\u00a0: 1er\u00a0Pr\u00e9lude, en do majeur, BWV\u00a0846 Johann Sebastian Bach (1685-1750) Play 3:10 Bienheureux les pauvres en esprit\u00a0: le royaume des cieux est \u00e0 eux Nicolas Buttet Play 3:09 Gnossienne N\u00b0\u00a03 Erik Satie [&hellip;]<\/p>\n","protected":false},"featured_media":6247,"comment_status":"open","ping_status":"closed","template":"","meta":{"_acf_changed":false},"product_brand":[],"product_cat":[48,50],"product_tag":[],"class_list":{"0":"post-6349","1":"product","2":"type-product","3":"status-publish","4":"has-post-thumbnail","6":"product_cat-cd","7":"product_cat-elizabeth-sombart","10":"first","11":"instock","12":"shipping-taxable","13":"purchasable","14":"product-type-simple"},"acf":[],"yoast_head":"<!-- This site is optimized with the Yoast SEO plugin v23.9 - https:\/\/yoast.com\/wordpress\/plugins\/seo\/ -->\n<title>Les B\u00e9atitudes - La Boutique<\/title>\n<meta name=\"robots\" content=\"index, follow, max-snippet:-1, max-image-preview:large, max-video-preview:-1\" \/>\n<link rel=\"canonical\" href=\"http:\/\/www.resonnance.org\/shop\/produit\/les-beatitudes\/\" \/>\n<meta property=\"og:locale\" content=\"fr_FR\" \/>\n<meta property=\"og:type\" content=\"article\" \/>\n<meta property=\"og:title\" content=\"Les B\u00e9atitudes - La Boutique\" \/>\n<meta property=\"og:description\" content=\"Les B\u00e9atitudes Elizabeth Sombart, pianiste &amp; Nicolas Buttet, pr\u00eatre Play 1:00 Le Sermon sur la montagne Nicolas Buttet Play 2:25 Le clavecin bien temp\u00e9r\u00e9\u00a0: 1er\u00a0Pr\u00e9lude, en do majeur, BWV\u00a0846 Johann Sebastian Bach (1685-1750) Play 3:10 Bienheureux les pauvres en esprit\u00a0: le royaume des cieux est \u00e0 eux Nicolas Buttet Play 3:09 Gnossienne N\u00b0\u00a03 Erik Satie [&hellip;]\" \/>\n<meta property=\"og:url\" content=\"http:\/\/www.resonnance.org\/shop\/produit\/les-beatitudes\/\" \/>\n<meta property=\"og:site_name\" content=\"La Boutique\" \/>\n<meta property=\"article:modified_time\" content=\"2016-11-25T20:49:31+00:00\" \/>\n<meta property=\"og:image\" content=\"http:\/\/www.resonnance.org\/shop\/wp-content\/uploads\/sites\/19\/2016\/11\/front-lg-14.jpg\" \/>\n\t<meta property=\"og:image:width\" content=\"230\" \/>\n\t<meta property=\"og:image:height\" content=\"230\" \/>\n\t<meta property=\"og:image:type\" content=\"image\/jpeg\" \/>\n<meta name=\"twitter:card\" content=\"summary_large_image\" \/>\n<meta name=\"twitter:label1\" content=\"Dur\u00e9e de lecture estim\u00e9e\" \/>\n\t<meta name=\"twitter:data1\" content=\"2 minutes\" \/>\n<script type=\"application\/ld+json\" class=\"yoast-schema-graph\">{\"@context\":\"https:\/\/schema.org\",\"@graph\":[{\"@type\":\"WebPage\",\"@id\":\"http:\/\/www.resonnance.org\/shop\/produit\/les-beatitudes\/\",\"url\":\"http:\/\/www.resonnance.org\/shop\/produit\/les-beatitudes\/\",\"name\":\"Les B\u00e9atitudes - La Boutique\",\"isPartOf\":{\"@id\":\"https:\/\/www.resonnance.org\/shop\/#website\"},\"primaryImageOfPage\":{\"@id\":\"http:\/\/www.resonnance.org\/shop\/produit\/les-beatitudes\/#primaryimage\"},\"image\":{\"@id\":\"http:\/\/www.resonnance.org\/shop\/produit\/les-beatitudes\/#primaryimage\"},\"thumbnailUrl\":\"http:\/\/www.resonnance.org\/shop\/wp-content\/uploads\/sites\/19\/2016\/11\/front-lg-14.jpg\",\"datePublished\":\"2016-11-22T17:25:14+00:00\",\"dateModified\":\"2016-11-25T20:49:31+00:00\",\"breadcrumb\":{\"@id\":\"http:\/\/www.resonnance.org\/shop\/produit\/les-beatitudes\/#breadcrumb\"},\"inLanguage\":\"fr-FR\",\"potentialAction\":[{\"@type\":\"ReadAction\",\"target\":[\"http:\/\/www.resonnance.org\/shop\/produit\/les-beatitudes\/\"]}]},{\"@type\":\"ImageObject\",\"inLanguage\":\"fr-FR\",\"@id\":\"http:\/\/www.resonnance.org\/shop\/produit\/les-beatitudes\/#primaryimage\",\"url\":\"http:\/\/www.resonnance.org\/shop\/wp-content\/uploads\/sites\/19\/2016\/11\/front-lg-14.jpg\",\"contentUrl\":\"http:\/\/www.resonnance.org\/shop\/wp-content\/uploads\/sites\/19\/2016\/11\/front-lg-14.jpg\",\"width\":230,\"height\":230,\"caption\":\"Les B\u00e9atitudes\"},{\"@type\":\"BreadcrumbList\",\"@id\":\"http:\/\/www.resonnance.org\/shop\/produit\/les-beatitudes\/#breadcrumb\",\"itemListElement\":[{\"@type\":\"ListItem\",\"position\":1,\"name\":\"Accueil\",\"item\":\"https:\/\/www.resonnance.org\/shop\/\"},{\"@type\":\"ListItem\",\"position\":2,\"name\":\"Boutique\",\"item\":\"https:\/\/www.resonnance.org\/shop\/\"},{\"@type\":\"ListItem\",\"position\":3,\"name\":\"Les B\u00e9atitudes\"}]},{\"@type\":\"WebSite\",\"@id\":\"https:\/\/www.resonnance.org\/shop\/#website\",\"url\":\"https:\/\/www.resonnance.org\/shop\/\",\"name\":\"La Boutique\",\"description\":\"La boutique R\u00e9sonnance\",\"potentialAction\":[{\"@type\":\"SearchAction\",\"target\":{\"@type\":\"EntryPoint\",\"urlTemplate\":\"https:\/\/www.resonnance.org\/shop\/?s={search_term_string}\"},\"query-input\":{\"@type\":\"PropertyValueSpecification\",\"valueRequired\":true,\"valueName\":\"search_term_string\"}}],\"inLanguage\":\"fr-FR\"}]}<\/script>\n<!-- \/ Yoast SEO plugin. -->","yoast_head_json":{"title":"Les B\u00e9atitudes - La Boutique","robots":{"index":"index","follow":"follow","max-snippet":"max-snippet:-1","max-image-preview":"max-image-preview:large","max-video-preview":"max-video-preview:-1"},"canonical":"http:\/\/www.resonnance.org\/shop\/produit\/les-beatitudes\/","og_locale":"fr_FR","og_type":"article","og_title":"Les B\u00e9atitudes - La Boutique","og_description":"Les B\u00e9atitudes Elizabeth Sombart, pianiste &amp; Nicolas Buttet, pr\u00eatre Play 1:00 Le Sermon sur la montagne Nicolas Buttet Play 2:25 Le clavecin bien temp\u00e9r\u00e9\u00a0: 1er\u00a0Pr\u00e9lude, en do majeur, BWV\u00a0846 Johann Sebastian Bach (1685-1750) Play 3:10 Bienheureux les pauvres en esprit\u00a0: le royaume des cieux est \u00e0 eux Nicolas Buttet Play 3:09 Gnossienne N\u00b0\u00a03 Erik Satie [&hellip;]","og_url":"http:\/\/www.resonnance.org\/shop\/produit\/les-beatitudes\/","og_site_name":"La Boutique","article_modified_time":"2016-11-25T20:49:31+00:00","og_image":[{"width":230,"height":230,"url":"http:\/\/www.resonnance.org\/shop\/wp-content\/uploads\/sites\/19\/2016\/11\/front-lg-14.jpg","type":"image\/jpeg"}],"twitter_card":"summary_large_image","twitter_misc":{"Dur\u00e9e de lecture estim\u00e9e":"2 minutes"},"schema":{"@context":"https:\/\/schema.org","@graph":[{"@type":"WebPage","@id":"http:\/\/www.resonnance.org\/shop\/produit\/les-beatitudes\/","url":"http:\/\/www.resonnance.org\/shop\/produit\/les-beatitudes\/","name":"Les B\u00e9atitudes - La Boutique","isPartOf":{"@id":"https:\/\/www.resonnance.org\/shop\/#website"},"primaryImageOfPage":{"@id":"http:\/\/www.resonnance.org\/shop\/produit\/les-beatitudes\/#primaryimage"},"image":{"@id":"http:\/\/www.resonnance.org\/shop\/produit\/les-beatitudes\/#primaryimage"},"thumbnailUrl":"http:\/\/www.resonnance.org\/shop\/wp-content\/uploads\/sites\/19\/2016\/11\/front-lg-14.jpg","datePublished":"2016-11-22T17:25:14+00:00","dateModified":"2016-11-25T20:49:31+00:00","breadcrumb":{"@id":"http:\/\/www.resonnance.org\/shop\/produit\/les-beatitudes\/#breadcrumb"},"inLanguage":"fr-FR","potentialAction":[{"@type":"ReadAction","target":["http:\/\/www.resonnance.org\/shop\/produit\/les-beatitudes\/"]}]},{"@type":"ImageObject","inLanguage":"fr-FR","@id":"http:\/\/www.resonnance.org\/shop\/produit\/les-beatitudes\/#primaryimage","url":"http:\/\/www.resonnance.org\/shop\/wp-content\/uploads\/sites\/19\/2016\/11\/front-lg-14.jpg","contentUrl":"http:\/\/www.resonnance.org\/shop\/wp-content\/uploads\/sites\/19\/2016\/11\/front-lg-14.jpg","width":230,"height":230,"caption":"Les B\u00e9atitudes"},{"@type":"BreadcrumbList","@id":"http:\/\/www.resonnance.org\/shop\/produit\/les-beatitudes\/#breadcrumb","itemListElement":[{"@type":"ListItem","position":1,"name":"Accueil","item":"https:\/\/www.resonnance.org\/shop\/"},{"@type":"ListItem","position":2,"name":"Boutique","item":"https:\/\/www.resonnance.org\/shop\/"},{"@type":"ListItem","position":3,"name":"Les B\u00e9atitudes"}]},{"@type":"WebSite","@id":"https:\/\/www.resonnance.org\/shop\/#website","url":"https:\/\/www.resonnance.org\/shop\/","name":"La Boutique","description":"La boutique R\u00e9sonnance","potentialAction":[{"@type":"SearchAction","target":{"@type":"EntryPoint","urlTemplate":"https:\/\/www.resonnance.org\/shop\/?s={search_term_string}"},"query-input":{"@type":"PropertyValueSpecification","valueRequired":true,"valueName":"search_term_string"}}],"inLanguage":"fr-FR"}]}},"_links":{"self":[{"href":"http:\/\/www.resonnance.org\/shop\/wp-json\/wp\/v2\/product\/6349","targetHints":{"allow":["GET"]}}],"collection":[{"href":"http:\/\/www.resonnance.org\/shop\/wp-json\/wp\/v2\/product"}],"about":[{"href":"http:\/\/www.resonnance.org\/shop\/wp-json\/wp\/v2\/types\/product"}],"replies":[{"embeddable":true,"href":"http:\/\/www.resonnance.org\/shop\/wp-json\/wp\/v2\/comments?post=6349"}],"wp:featuredmedia":[{"embeddable":true,"href":"http:\/\/www.resonnance.org\/shop\/wp-json\/wp\/v2\/media\/6247"}],"wp:attachment":[{"href":"http:\/\/www.resonnance.org\/shop\/wp-json\/wp\/v2\/media?parent=6349"}],"wp:term":[{"taxonomy":"product_brand","embeddable":true,"href":"http:\/\/www.resonnance.org\/shop\/wp-json\/wp\/v2\/product_brand?post=6349"},{"taxonomy":"product_cat","embeddable":true,"href":"http:\/\/www.resonnance.org\/shop\/wp-json\/wp\/v2\/product_cat?post=6349"},{"taxonomy":"product_tag","embeddable":true,"href":"http:\/\/www.resonnance.org\/shop\/wp-json\/wp\/v2\/product_tag?post=6349"}],"curies":[{"name":"wp","href":"https:\/\/api.w.org\/{rel}","templated":true}]}}